 t is divided by r.
4
Suppose -3*i = 82 - 19. Let p(l) = -l**2 - 7*l + 3. What is the remainder when p(-5) is divided by (-14)/(-4) + i/(-14)?
3
Let x(i) = i**3 + 10*i**2 - 3*i - 9. Let n be x(-11). Let p = 168 + n. What is the remainder when p is divided by 18?
17
Let o = -3 + 7. Calculate the remainder when 725/65 + 46/(-299) is divided by o.
3
Suppose -2*r - 4 = 0, -2*x + 5 + 1 = 4*r. What is the remainder when (4*10/(-12))/(4/(-24)) is divided by x?
6
Let d be (-1 - (3 + 0)) + 203. Suppose -5*i + m + 22 + d = 0, 4 = m. Calculate the remainder when i is divided by 13.
6
Let w = -22 - -155. Calculate the remainder when w is divided by 20.
13
Suppose 2*j - 3*r - 65 = 0, r = -0*j + 5*j - 130. Calculate the remainder when j is divided by -1 - 14/(-10) - 864/(-90).
5
Suppose 4 = -2*z, z - 6 = -2*u - 3*z. Suppose -12*g + u = -5*g. Calculate the remainder when 5 is divided by g.
0
Suppose -3*z - 54 = -5*p, -3*p - z + 12 = 4*z. Let k be -24 - (2/(-10) + 387/(-215)). Calculate the remainder when p + -5 + (-3 - k) is divided by 8.
7
Let c be 4/6 + 176/24. Suppose 4 = -q - q. Calculate the remainder when 55 is divided by ((-228)/48)/(q/c).
17
Let i(y) = -32*y - 7 - 39*y + 70*y. Let g be i(15). Calculate the remainder when 1328/18 + g/(-99) is divided by 19.
17
Suppose 2*x = 41 - 5. Suppose 0 = 7*n - 6*n + 91. What is the remainder when x is divided by (-4)/14 + (-663)/n?
4
Suppose 0 = -u - 17 - 12. Let y = u + 57. Calculate the remainder when y is divided by ((-16)/(-20))/((-4)/(-50)).
8
Suppose 0 = -4*b + 131 + 53. Let a(j) = -j**3 - 9*j**2 + j - 70. Calculate the remainder when b is divided by a(-10).
6
What is the remainder when (-9)/(-21) - (-4 + 193/(-7)) is divided by 351/21 - 2/(-7)?
15
Suppose 0 = -5*a + 6*a - 2. Suppose -a*k + 3*k = 2*g + 9, 3*k - 27 = -2*g. Calculate the remainder when 14 is divided by k.
5
Let r = 52 + -49. Suppose -r*q = -3*v - 27, 2*q + 3*v - 26 = v. What is the remainder when 32 is divided by q?
10
Suppose 0 = 4*m - m - 15. Suppose -r = -m*r + 164. Let c = 82 - r. What is the remainder when c is divided by 11?
8
Let b be 7*(4 + (-25)/7). Suppose 3*i = -0*i - 5*l + 21, b*l = 9. Suppose -i*j + 52 + 10 = 0. What is the remainder when j is divided by 8?
7
Let d(m) = -19*m - 12 - 19 - 35*m + 39*m. What is the remainder when 86 is divided by d(-4)?
28
Let c be 0 - (2 - 1 - 7). Suppose q + c = 3*q. Suppose -q*f + 42 = -0*f. Calculate the remainder when 38 is divided by f.
10
Let l = 49 - 49. Suppose 2*v + 4*d - 118 = l, 19 = 5*d - 1. What is the remainder when v is divided by 9?
6
What is the remainder when 28 is divided by -20 - -16 - (-3 - 11)?
8
Suppose 20*s = -31*s + 1173. Calculate the remainder when 242 is divided by s.
12
Let m = -107 - -172. Suppose -2*l + m + 3 = 0. Calculate the remainder when l is divided by (-2)/4 + (-1)/(14/(-133)).
7
Suppose 9*q + 41 = 10*q. Suppose 0 = l - i - q - 40, 440 = 5*l + 2*i. Calculate the remainder when l is divided by 29.
28
Let a = -19 - -34. Suppose -f - 2*m = -22, f + 3 = 2*m + 9. Let l = f - 6. Calculate the remainder when a is divided by l.
7
Let d(s) = -s**2 - 34*s - 261. Calculate the remainder when 3837 is divided by d(-14).
18
Suppose 0 = d + 1, -124 + 22 = -5*s - 3*d. Calculate the remainder when 27 is divided by s.
6
Let u be 1 + (-2 - -3) - 2. Let f = 4 + u. Let h = 10 - f. What is the remainder when 17 is divided by h?
5
Let k(r) = r**2 + 8*r + 5. Let u be k(-8). Suppose 0 = u*m - 17 - 3. Suppose -4 = h + 2*b, -m*h = -4*b - 13 - 7. Calculate the remainder when 6 is divided by h.
0
Suppose 1254 = 5*k + 109*k. What is the remainder when 17 is divided by k?
6
Let o(u) = 89*u**3 - u + 4. Let m(n) = 90*n**3 + 3. Let j(v) = -3*m(v) + 2*o(v). Calculate the remainder when j(-1) is divided by -10 - -7 - (-37 - -2).
29
Let d be (4/(-42)*9)/((-3)/21). Let z = 54 + d. What is the remainder when z is divided by 16?
12
Calculate the remainder when 10 is divided by (-8)/10*15/(-6) + 5.
3
Suppose 237 + 133 = 5*i. Let n = 238 - 213. What is the remainder when i is divided by n?
24
Let t = -195 + 242. Calculate the remainder when t is divided by 30.
17
Let p = -108 - -98. What is the remainder when 62 is divided by (99/(-3))/(15/p*1)?
18
Suppose 0 = 2038*g - 2062*g + 1512. What is the remainder when 235 is divided by g?
46
Suppose 23 = 743*d - 742*d. Calculate the remainder when d is divided by 12.
11
Let j = 1 - -4. Suppose -5*f - 3*v - 7 - 50 = 0, 3*v - 33 = j*f. Let p = 6 - f. What is the remainder when 28 is divided by p?
13
Let c = -39 - -112. Calculate the remainder when 217 is divided by c.
71
Suppose -176 = -5*i - 4*j, -i + 26 = j - 10. Calculate the remainder when i is divided by 29.
3
Let u = 56 + -96. Let j = u + 56. Suppose z - 70 = -2*b, 4*z - 335 + 71 = -4*b. What is the remainder when z is divided by j?
14
Let f = -20 + 22. Suppose 2*z - 78 = f*d + 58, 2*d = 4*z - 266. Suppose -6*m + 2*m = -88. Calculate the remainder when z is divided by m.
21
Let z = -688 + 793. What is the remainder when z is divided by 20?
5
Suppose 2*y = -2*b + 106, 58 = 3*b - 5*y - 93. Calculate the remainder when b is divided by 11.
8
Let z be (8/2 - 5)*6. Let b be 8*3/z + 8. Let c = b + 5. Calculate the remainder when 24 is divided by c.
6
Suppose -5*a - s = 3*s - 9, -13*s + 13 = 0. Suppose -2*f = -1 - 1. What is the remainder when f is divided by a?
0
Let w(k) = -27*k - 4. Let j(x) = 53*x + 9. Let i(q) = 6*j(q) + 13*w(q). What is the remainder when i(-1) is divided by 12?
11
Suppose -24 = 5*z + 4*r, 0 = -2*z - 5*r + 2*r - 11. What is the remainder when (-558)/z*(-8)/12*-1 is divided by 24?
21
Let s = 46 - -259. Calculate the remainder when s is divided by 51.
50
Suppose c - 3*a + 0*a - 22 = 0, 5*a + 11 = -2*c. Suppose -c*b + b + 36 = 0. Let r(h) = -3*h + 1. Calculate the remainder when r(-5) is divided by b.
4
Suppose 11*m + 1425 = 30*m. Let q = -12 + 50. What is the remainder when m is divided by (0 - q)*3/(-6)?
18
Let j = -302 + 335. What is the remainder when j is divided by 9?
6
Let l(q) be the third derivative of q**5/6 - q**4/24 - 2*q**3/3 + 2*q**2. Suppose -5*f + 13 = -47. Calculate the remainder when l(2) is divided by f.
10
Let a = 11 - 2. Suppose 0 = -2*g + g + a. Let p(k) = 28*k - 2. What is the remainder when p(1) is divided by g?
8
Let q(s) = 2*s**3 - 4*s**2 - 2*s - 1. Let z be q(4). Suppose 240 = 14*r - 138. Let y = z - r. Calculate the remainder when y is divided by 8.
4
Suppose 2*h = 3*o + 3, 15 = 5*o + 2*h + 4. Let c be (-2)/(-2) + 4 - o. What is the remainder when 54 is divided by 70/c*4/5?
12
Let c(o) = -5*o**3 + 2*o + 1. Let m be c(-1). Let l = 16 - m. Calculate the remainder when 34 is divided by l.
10
What is the remainder when 35 is divided by 66/(-22)*(-2 + 1)?
2
Suppose -4*w = 3*v + 6 - 31, -12 = -4*v. Suppose 4*o + 9 = 3*x - 2, -w*x + 32 = -o. Suppose 21 + 9 = 5*q. Calculate the remainder when x is divided by q.
3
Suppose 2*u = 7 - 27. Let a = u - -62. Suppose -96 = -4*w + 4*h - 0*h, 3*h = -4*w + 117. Calculate the remainder when a is divided by w.
25
Let j(l) = l**2 + 26*l + 59. Suppose 0*a = 2*a - q - 4, 5*a + 3*q = -1. Let b(z) = 21*z**2 + z. What is the remainder when j(-27) is divided by b(a)?
20
Suppose -8*j + 334 = -226. Calculate the remainder when j is divided by 9.
7
Let c(d) = 50*d**2 + 4*d + 4. What is the remainder when c(-1) is divided by 25?
0
Let a(b) = -b**3 - 13*b**2 - 107*b + 7. What is the remainder when a(-8) is divided by 42?
39
Let m = -9 + 27. Suppose 9 = -0*l + 3*l. Suppose l*w - 2*g - 107 = -0*w, -2*g - 8 = 0. Calculate the remainder when w is divided by m.
15
Suppose -6*j = -359 + 227. Calculate the remainder when 197 is divided by j.
21
Suppose 85*g = -36*g + 3146. Calculate the remainder when 491 is divided by g.
23
Suppose u = 2*r - 7, -3*u - 17 = -r - 1. Let v(j) = 8*j**3 + 2*j**2 - 1. Let k(x) = -11*x - 121. What is the remainder when k(-14) is divided by v(r)?
6
Suppose 5*o = -0*o + s + 331, 5*o = 4*s + 319. What is the remainder when o is divided by 24?
19
What is the remainder when 29 is divided by (798/84)/((-2)/(-4))?
10
Suppose j + 292 = -638. Calculate the remainder when -3 + -3 + 52 - -2 is divided by j/(-54) + (-4)/18.
14
Suppose 0 = 14*d - 73 - 25. Calculate the remainder when 391 is divided by d.
6
Let j be (-3)/(-3*(-2)/30). W